3*d = d + 8. Let b(u) = -u**2 - 6*u + 14. What is the remainder when a(d) is divided by b(-6)?
13
Suppose -3*u + 2*m + 10 = 0, 3*u + 5*m = 3*m + 14. Calculate the remainder when 14 is divided by u.
2
Suppose -5*r + 3*q = -60, -4*r + 2*r + 4*q = -10. Let c = 124 - 81. Calculate the remainder when c is divided by r.
13
Let r be -2 - 0 - (-7 + -58). Suppose h = 6*x - 2*x - r, x + 3*h - 32 = 0. What is the remainder when 65 is divided by x?
14
Suppose 3*g - 4 = 8. Calculate the remainder when 47 is divided by g.
3
Let d = 30 + -14. Suppose 0*b + 2*b - 14 = -u, 3*b = -3*u + 27. Suppose -u*q = 5*t + 20 - 129, 2*t + 6 = 0. What is the remainder when q is divided by d?
15
Suppose 0 = -4*k + 7*k - 102. Let i = -12 + 30. Calculate the remainder when k is divided by i.
16
Suppose 3*u = -5*x + 101, x + 7*u = 2*u + 7. Calculate the remainder when 41 is divided by x.
19
Let f(n) = -7*n - 1. Let o be f(-1). Suppose 8 = 2*s - o. What is the remainder when 13 is divided by s?
6
Let a = 6 + -4. Suppose -4*v + 3*j + 31 + 83 = 0, -2*v - 4*j = -68. Calculate the remainder when v is divided by (-9 - -25)/(a/1).
6
Calculate the remainder when (1 - 2)/((-2)/46) is divided by (-26)/1*3/(-6).
10
Calculate the remainder when 1878/39 - 2/13 is divided by 14.
6
Let g(t) = t**2 + 4*t - 3. Let a(p) = p**2 - 9*p - 6. Let w be a(9). What is the remainder when g(w) is divided by 4?
1
Let o be (7/14)/((-1)/(-6)). Let m = 1 + o. Suppose 0 = -b + m*b - 60. What is the remainder when b is divided by 7?
6
Let m(c) = -9*c + 3*c + 2*c**2 + 3 - 2*c**2 + c**2. Calculate the remainder when 7 is divided by m(6).
1
Let m(n) = -4*n - 2. Let g = 6 - 11. Calculate the remainder when (-16)/(-2)*(11/2 - -1) is divided by m(g).
16
Suppose -o + 7 = 5*w, 5*w - 8 - 5 = o. What is the remainder when ((-3)/w)/((-3)/76) is divided by 10?
8
Let n(v) = 9*v**2 + 3*v + 1. What is the remainder when n(-2) is divided by 8?
7
Let w(o) = -2*o - 1. Calculate the remainder when 27 is divided by w(-4).
6
Let z = -6 + 20. Suppose -s = z - 36. Suppose b - s = m, -4*b + 64 = -b - m. What is the remainder when b is divided by 12?
9
Suppose 0 = 2*o + o - 57. Calculate the remainder when o is divided by 18/27*21/2.
5
Suppose -u = -39 - 15. What is the remainder when u is divided by 28?
26
Suppose 0 = -3*u + 9, -3*h + 2*u = 150 - 60. Let r = -18 - h. Calculate the remainder when r is divided by 4.
2
Calculate the remainder when -12*(2/1)/(-8) is divided by 2.
1
Let b be 141/27 - 4/18. Let w = b - 2. Suppose w*m = -6, -2*m + 5*m + 21 = s. What is the remainder when s is divided by 8?
7
Let o = -84 + 136. What is the remainder when o is divided by 28?
24
Suppose -2*y = -3*l - 2*l + 47, 0 = -2*l + 3*y + 21. Suppose 2*i = 2 - 0. What is the remainder when l is divided by 46/8 + i/4?
3
Let s = -11 - -15. Suppose -s*l - 10 = -30. What is the remainder when 17 is divided by l?
2
Let g = 4 + 4. Suppose v + 2*f = 6, -g = -5*f - 23. Calculate the remainder when 22 is divided by v.
10
Suppose 21*i - 102 = 18*i. Let o = -1 + 31. Let g = o - 18. What is the remainder when i is divided by g?
10
Let j(h) = -h**3 + 6*h**2 - 5*h + 5. Let u be j(5). Suppose -u*f + 0*f + 50 = 0. What is the remainder when 39 is divided by f?
9
Let k = -53 + 93. Suppose 6*i - i = k. What is the remainder when i is divided by 5?
3
Let i(f) = 2*f + 91. Let a = 44 + -20. Calculate the remainder when i(-11) is divided by a.
21
Let c be 10*(6/4)/(-1). What is the remainder when (-414)/c - 4/(-10) is divided by 8?
4
Suppose -2*x + 0*o - 2*o + 148 = 0, 0 = -x + 2*o + 62. Calculate the remainder when x is divided by 12.
10
Let z(y) = 8*y + 2. Let o(p) = -17*p - 4. Let b(u) = 2*o(u) + 5*z(u). Calculate the remainder when b(2) is divided by 7 + 1 - (-7 + 7).
6
Suppose 177 = 5*t + 3*o, -4*t = -o - 143 - 2. Calculate the remainder when t is divided by 13.
10
Suppose v - 2*v - 28 = -3*n, -26 = -3*n + 2*v. Let p = -17 - n. What is the remainder when (-963)/p + (-2)/3 is divided by 12?
11
Let v(k) = 2*k**2 + 4*k + 2. Let l(y) = 5*y**3 - y**2 - 2*y + 2. What is the remainder when l(2) is divided by v(-4)?
16
Let z = 155 + -89. What is the remainder when z is divided by 17?
15
Let h(f) = 7*f + 12. Let n be -18*(2 - (-5)/(-2)). Let v be h(n). What is the remainder when 20 is divided by 2/11 + v/11?
6
Let g be (32/24)/((-4)/(-6)). Suppose 5 = g*p - a, -p - a - 1 = p. Suppose 2*v = p + 21. What is the remainder when 31 is divided by v?
9
Let a be (-7)/2 + 5/10. Let l be 1 - -1 - (107 + a). Calculate the remainder when 1/2 - l/4 is divided by 14.
12
Suppose -3*p + 2*t = 238, 4*p - 2*t = -32 - 284. Let h = -41 - p. Calculate the remainder when h is divided by 13.
11
Suppose -c - 5 = -27. Let w be 2*(1 - (1 + -4)). Let a = 20 - w. Calculate the remainder when c is divided by a.
10
Let i(o) = 3*o**2 - 5. What is the remainder when i(-4) is divided by (3 + 12)/(0 - -1)?
13
Let d(l) = -l**3 + 19*l**2 - 34*l + 8. Calculate the remainder when 13 is divided by d(17).
5
Let b(j) be the third derivative of -j**5/60 + 7*j**4/24 + 7*j**3/6 - j**2. Let o be b(7). Let k = o + 51. What is the remainder when k is divided by 20?
18
Suppose -f + 21 = 4*z, 2*f = -5*z + f + 26. Suppose -16 = -g - z. Suppose -9 = -o + g. What is the remainder when 38 is divided by o?
18
Let i be 36/(-21)*7/(-2). Let x = 18 - i. Calculate the remainder when 21 is divided by x.
9
Let l be -1*(-16)/(-6)*-3. Let q(p) = 2*p**2 - 10*p + 2. Calculate the remainder when q(l) is divided by 13.
11
Suppose -11 = 4*p + 5. Let o be (-10)/p*(-6 - -4). Let v = 10 + o. What is the remainder when v is divided by 4?
1
Let m = -131 - -169. Let k be -5 + 2 + 2 + -1. What is the remainder when m is divided by (1 + -2)/(k/26)?
12
Let k = -9 + 12. Suppose -k*f - 8 = -7*f. Suppose 3*b = -f*b + 125. Calculate the remainder when 74 is divided by b.
24
Let n(y) = -21*y + 1. Let d be n(-3). Suppose i - d = -i. Calculate the remainder when i is divided by 11.
10
Let m = 77 - 31. Suppose 0 = -3*i + 12, 10 = -5*a - 4*i + m. Suppose 28 = -2*f + a*f. Calculate the remainder when 26 is divided by f.
12
Suppose 0*i - i = -4, 8 = 4*l - 4*i. What is the remainder when -1*(-6)/(-5)*120/(-9) is divided by l?
4
Suppose -25 = -2*o + 4*d + 19, 2*d = 2*o - 38. Let v = o - 10. Suppose 0 = -2*z + v*z - 36. What is the remainder when 16 is divided by z?
7
Suppose r = -2*r + 48. What is the remainder when r is divided by 1 - (3 + -2)*-8?
7
Suppose -4*g - 4*b = -8*b - 224, -3*b + 144 = 3*g. Calculate the remainder when g is divided by 14.
10
Suppose f = -14*f + 1785. What is the remainder when f is divided by 11?
9
Suppose -1032 = -3*c - 5*c. Calculate the remainder when c is divided by 33.
30
What is the remainder when (36/3)/(-4) - -74 is divided by 25?
21
Let u = 16 + -9. Calculate the remainder when 20 is divided by u.
6
Suppose 0 = -4*b - 0 + 24. Suppose -k = -0*k - b. Calculate the remainder when 23 is divided by ((-9)/k)/3*-16.
7
Let m = 8 - 6. What is the remainder when 6 is divided by m?
0
Let p(l) = l**3 - 10*l**2 - l + 14. What is the remainder when p(10) is divided by 0 + (-1 - 0) - -3?
0
Let i be (-5 + 4)/(1/(-44)). Let y be (12/5)/((-9)/(-30)). Suppose y*t - 4*t - i = 0. Calculate the remainder when 21 is divided by t.
10
Let d be (105/(-12))/(-7)*8. What is the remainder when 30 is divided by 40/(-12)*(-24)/d?
6
Suppose -3*i + 0*i + 102 = 0. Suppose -48 - 12 = -5*u. Calculate the remainder when i is divided by u.
10
What is the remainder when 10 is divided by 6/(-4)*(2 + -4)?
1
Let p(h) = -3*h - 12. What is the remainder when p(-18) is divided by 15?
12
What is the remainder when (78 - 1)/((-4)/(16/(-4))) is divided by 16?
13
Suppose 15 = 2*w + w. Let h(z) be the third derivative of z**4/12 + z**3/2 - 13*z**2. Calculate the remainder when 25 is divided by h(w).
12
Let j = 12 + -32. Calculate the remainder when 3/(-1) - (3 + j) is divided by 8.
6
Suppose 0*l + 124 = 2*l + 4*z, 366 = 5*l - 4*z. What is the remainder when l is divided by 18?
16
Let y(p) = -p**3 + 3*p**2 - 2*p + 3. What is the remainder when y(2) is divided by 2?
1
Calculate the remainder when 33 is divided by (-37)/(-5) - -2*(-2)/10.
5
Let w(r) = -r**3 - 14*r**2 + 13*r - 8. What is the remainder when 42 is divided by w(-15)?
20
What is the remainder when 8824/136 - 4/(-34) is